dreds digit of 37468?
4
What is the units digit of 947?
7
What is the tens digit of 836?
3
What is the thousands digit of 15279?
5
What is the thousands digit of 3679?
3
What is the units digit of 1101?
1
What is the tens digit of 12795?
9
What is the thousands digit of 25053?
5
What is the hundreds digit of 2525?
5
What is the hundreds digit of 29563?
5
What is the thousands digit of 2713?
2
What is the units digit of 95?
5
What is the hundreds digit of 10771?
7
What is the units digit of 13356?
6
What is the tens digit of 278?
7
What is the units digit of 388?
8
What is the thousands digit of 2237?
2
What is the units digit of 47784?
4
What is the hundreds digit of 1298?
2
What is the units digit of 13723?
3
What is the thousands digit of 3160?
3
What is the hundred thousands digit of 185593?
1
What is the tens digit of 55909?
0
What is the units digit of 662?
2
What is the tens digit of 317?
1
What is the tens digit of 1883?
8
What is the tens digit of 40546?
4
What is the tens digit of 12662?
6
What is the ten thousands digit of 19749?
1
What is the hundreds digit of 58723?
7
What is the units digit of 937?
7
What is the hundreds digit of 5265?
2
What is the thousands digit of 191219?
1
What is the units digit of 2156?
6
What is the units digit of 628?
8
What is the hundreds digit of 1061?
0
What is the thousands digit of 4714?
4
What is the tens digit of 11973?
7
What is the units digit of 4969?
9
What is the tens digit of 4352?
5
What is the thousands digit of 13228?
3
What is the units digit of 38522?
2
What is the units digit of 241?
1
What is the thousands digit of 23624?
3
What is the thousands digit of 4169?
4
What is the tens digit of 356?
5
What is the hundreds digit of 763?
7
What is the thousands digit of 1335?
1
What is the tens digit of 7519?
1
What is the tens digit of 6419?
1
What is the thousands digit of 8292?
8
What is the thousands digit of 1914?
1
What is the thousands digit of 10387?
0
What is the hundreds digit of 3387?
3
What is the units digit of 4999?
9
What is the units digit of 248?
8
What is the thousands digit of 14607?
4
What is the thousands digit of 2041?
2
What is the units digit of 1391?
1
What is the ten thousands digit of 62348?
6
What is the hundreds digit of 16379?
3
What is the units digit of 619?
9
What is the hundred thousands digit of 157401?
1
What is the units digit of 1479?
9
What is the tens digit of 123555?
5
What is the units digit of 1949?
9
What is the units digit of 1110?
0
What is the units digit of 7813?
3
What is the units digit of 53778?
8
What is the hundreds digit of 29040?
0
What is the hundreds digit of 26614?
6
What is the units digit of 579?
9
What is the units digit of 4367?
7
What is the thousands digit of 57371?
7
What is the tens digit of 7905?
0
What is the tens digit of 7490?
9
What is the tens digit of 4667?
6
What is the tens digit of 1681?
8
What is the units digit of 31011?
1
What is the thousands digit of 2082?
2
What is the thousands digit of 5118?
5
What is the tens digit of 15441?
4
What is the hundreds digit of 2891?
8
What is the tens digit of 89272?
7
What is the tens digit of 1899?
9
What is the tens digit of 4277?
7
What is the units digit of 63071?
1
What is the ten thousands digit of 29137?
2
What is the ten thousands digit of 36565?
3
What is the units digit of 17460?
0
What is the hundreds digit of 249?
2
What is the hundreds digit of 1010?
0
What is the tens digit of 7909?
0
What is the hundreds digit of 6785?
7
What is the units digit of 54303?
3
What is the tens digit of 3342?
4
What is the units digit of 14948?
8
What is the thousands digit of 3946?
3
What is the units digit of 162030?
0
What is the hundreds digit of 26213?
2
What is the hundreds digit of 2005?
0
What is the units digit of 17585?
5
What is the units digit of 57334?
4
What is the units digit of 919?
9
What is the thousands digit of 6588?
6
What is the thousands digit of 1732?
1
What is the thousands digit of 60901?
0
What is the ten thousands digit of 60167?
6
What is the tens digit of 25745?
4
What is the units digit of 1762?
2
What is the tens digit of 507?
0
What is the units digit of 1113?
3
What is the units digit of 993?
3
What is the hundreds digit of 3467?
4
What is the hundreds digit of 817?
8
What is the units digit of 17898?
8
What is the hundreds digit of 1450?
4
What is the units digit of 6328?
8
What is the units digit of 30148?
8
What is the units digit of 4068?
8
What is the hundreds digit of 8116?
1
What is the hundreds digit of 1318?
3
What is the hundreds digit of 623?
6
What is the thousands digit of 10122?
0
What is the hundreds digit of 4776?
7
What is the tens digit of 40650?
5
What is the hundreds digit of 7947?
9
What is the units digit of 35709?
9
What is the ten thousands digit of 65667?
6
What is the tens digit of 446?
4
What is the ten thousands digit of 24728?
2
What is the thousands digit of 1366?
1
What is the hundreds digit of 861?
8
What is the units digit of 34992?
2
What is the ten thousands digit of 151873?
5
What is the tens digit of 471?
7
What is the units digit of 34490?
0
What is the units digit of 1830?
0
What is the ten thousands digit of 25262?
2
What is the tens digit of 30212?
1
What is the units digit of 622?
2
What is the tens digit of 4735?
3
What is the ten thousands digit of 19291?
1
What is the tens digit of 930?
3
What is the units digit of 907?
7
What is the hundreds digit of 11189?
1
What is the tens digit of 406?
0
What is the hundreds digit of 718?
7
What is the ten thousands digit of 14083?
1
What is the units digit of 578?
8
What is the units digit of 11672?
2
What is the units digit of 8?
8
What is the tens digit of 1848?
4
What is the thousands digit of 117724?
7
What is the units digit of 125881?
1
What is the units digit of 74?
4
What is the tens digit of 1053?
5
What is the ten thousands digit of 12053?
1
What is the hundreds digit of 438?
4
What is the units digit of 224?
4
What is the thousands digit of 6828?
6
What is the thousands digit of 5930?
5
What is the tens digit of 222?
2
What is the tens digit of 4338?
3
What is the tens digit of 42354?
5
What is the units digit of 4147?
7
What is the units digit of 50?
0
What is the hundreds digit of 65335?
3
What is the hundreds digit of 1043?
0
What is the units digit of 1226?
6
What is the units digit of 713?
3
What is the units digit of 8982?
2
What is the hundreds digit of 741?
7
What is the units digit of 3090?
0
What is the hundreds digit of 22061?
0
What is the units digit of 4014?
4
What is the tens digit of 6275?
7
What is the units digit of 9557?
7
What is the units digit of 662?
2
What is the thousands digit of 1815?
1
What is the hundreds digit of 3363?
3
What is the tens digit of 484?
8
What is the hundreds digit of 9498?
4
What is the tens digit of 6423?
2
What is the units digit of 2541?
1
What is the tens digit of 1223?
2
What is the units digit of 663?
3
What is the units digit of 55983?
3
What is the hundreds digit of 863?
8
What is the hundreds digit of 4615?
6
What is the thousands digit of 10134?
0
What is the ten thousands digit of 11475?
1
What is the hundreds digit of 118657?
6
What is the units digit of 2896?
6
What is the units digit of 3268?
8
What is the units digit of 984?
4
What is the units digit of 605?
5
What is the tens digit of 10418?
1
What is the hundreds digit of 3743?
7
What is the units digit of 1032?
2
What is the thousands digit of 2628?
2
What is the units digit of 3960?
0
What is the hundreds digit of 17335?
3
What is the hundreds digit of 522?
5
What is the thousands digit of 9486?
9
What is the units digit of 550?
0
What is the hundreds digit of 806?
8
What is the thousands digit of 12674?
2
What is the hundreds digit of 1112?
1
What is the hundreds digit of 2980?
9
What is the units digit of 320?
0
What is the units digit of 15499?
9
What is the units digit of 34913?
3
What is the hundreds digit of 742?
7
What is the thousands digit of 5410?
5
What is the units digit of 5020?
0
What is the thousands digit of 34447?
4
What is the tens digit of 1128?
2
What is the thousands digit of 10074?
0
What is the hundreds digit of 9938?
9
What is the tens digit of 21070?
7
What is the thousands digit of 4644?
4
What is the hundreds digi